{"id":370,"date":"2024-03-26T12:04:07","date_gmt":"2024-03-26T12:04:07","guid":{"rendered":"http:\/\/www.venezia.fi\/site\/?post_type=product&#038;p=370"},"modified":"2025-12-17T15:30:47","modified_gmt":"2025-12-17T15:30:47","slug":"kerrosateria","status":"publish","type":"product","link":"https:\/\/www.venezia.fi\/site\/tuote\/kerrosateria\/","title":{"rendered":"6. KERROSATERIA"},"content":{"rendered":"<p><span style=\"font-weight: 400;\">Xxl-hampurilainen s\u00e4mpyl\u00e4, 2X jauhelihat\u00e4yspihvi, <\/span><span style=\"font-weight: 400;\">ranskalaisperunat, salaatti ,tomaatti, ketsuppi, <\/span><span style=\"font-weight: 400;\">kurkkusalaatti, majoneesi, cheddarjuusto ja 0,33L <\/span><span style=\"font-weight: 400;\">juoman-Xxl &#8211; hamburgerbr\u00f6d, 2x k\u00f6ttf\u00e4rsbiff, <\/span><span style=\"font-weight: 400;\">salad, tomat, gurksalad, majonn\u00e4s, cheddarost, <\/span><span style=\"font-weight: 400;\">ketchup, 0,33L drink<\/span><\/p>\n","protected":false},"excerpt":{"rendered":"<p>Xxl-hampurilainen s\u00e4mpyl\u00e4, 2X jauhelihat\u00e4yspihvi, ranskalaisperunat, salaatti ,tomaatti, ketsuppi, kurkkusalaatti, majoneesi, cheddarjuusto ja 0,33L juoman-Xxl &#8211; hamburgerbr\u00f6d, 2x k\u00f6ttf\u00e4rsbiff, salad, tomat, gurksalad, majonn\u00e4s, cheddarost, ketchup, 0,33L drink<\/p>\n","protected":false},"featured_media":3451,"comment_status":"open","ping_status":"closed","template":"","meta":[],"product_cat":[25],"product_tag":[],"_links":{"self":[{"href":"https:\/\/www.venezia.fi\/site\/wp-json\/wp\/v2\/product\/370"}],"collection":[{"href":"https:\/\/www.venezia.fi\/site\/wp-json\/wp\/v2\/product"}],"about":[{"href":"https:\/\/www.venezia.fi\/site\/wp-json\/wp\/v2\/types\/product"}],"replies":[{"embeddable":true,"href":"https:\/\/www.venezia.fi\/site\/wp-json\/wp\/v2\/comments?post=370"}],"wp:featuredmedia":[{"embeddable":true,"href":"https:\/\/www.venezia.fi\/site\/wp-json\/wp\/v2\/media\/3451"}],"wp:attachment":[{"href":"https:\/\/www.venezia.fi\/site\/wp-json\/wp\/v2\/media?parent=370"}],"wp:term":[{"taxonomy":"product_cat","embeddable":true,"href":"https:\/\/www.venezia.fi\/site\/wp-json\/wp\/v2\/product_cat?post=370"},{"taxonomy":"product_tag","embeddable":true,"href":"https:\/\/www.venezia.fi\/site\/wp-json\/wp\/v2\/product_tag?post=370"}],"curies":[{"name":"wp","href":"https:\/\/api.w.org\/{rel}","templated":true}]}}